0 = 63*i - 18*i - 1485. Let v(n) = -n**2 + 6*n - 3. Let h be v(5). Calculate the remainder when i is divided by h/(-9) - (-130)/18.
5
Calculate the remainder when 3/(-2) + (-1)/(8/(-3660)) is divided by 27.
24
Let b = 15 - 15. Let i be 1/(b - 2/2). What is the remainder when 46 is divided by (-3)/((-3)/(i + 13))?
10
Let l(y) = 2*y**2 + 5*y - 42. Let s be l(6). Suppose -3*z + 15 = 2*c - s, -4*c = -12. What is the remainder when z is divided by 4?
3
Let c = 96 - 58. Suppose -4*i - 3*v + 824 = 0, i = 4*v + 263 - c. Calculate the remainder when i is divided by 53.
50
Let z = -66 - -6. Let t = z - -73. What is the remainder when 36 is divided by t?
10
Suppose -2*t = -221 + 151. What is the remainder when 277 is divided by t?
32
Suppose -4*v + 3*l + 8 + 3 = 0, 0 = 3*l - 9. Suppose v*d = 3*r - 13 - 4, 3*d + r + 13 = 0. What is the remainder when (2 + -5)*72/d is divided by 19?
16
Let l = -16 + 7. Calculate the remainder when 10 is divided by (2 + l)*(-4)/7.
2
Suppose -1702 = -26*v - 11*v. What is the remainder when (-2)/(-11) + (-9003)/(-33) is divided by v?
43
Let f(n) = -13*n - 56. Suppose -m = -5*a + 87, -3*m = -2*a - 7*m + 26. Calculate the remainder when f(-12) is divided by a.
15
Let m(z) = z**2 + 9*z + 10. Let y be m(-9). Let l(r) = 9*r - 9. Calculate the remainder when l(y) is divided by 23.
12
Suppose 156*o - 179*o + 184 = 0. Calculate the remainder when 302 is divided by o.
6
Let r(a) = a**3 + 6*a**2 + a - 15. Let k be r(-4). What is the remainder when k - 1*(-2 - -3)*-1 is divided by 4?
2
Suppose 4*k + 4*i - 172 = 0, 197 = 4*k - 4*i + 41. What is the remainder when 444 is divided by k?
34
Let g be 0 - 2/5 - (-8)/20. Suppose -5*n + 4*q + 39 = 0, g*q + 60 = 4*n + 4*q. What is the remainder when n is divided by 6 + (0 - (-1 + 1))?
5
Let l = -14 - -5. What is the remainder when ((-238)/4 - 2)*6/l is divided by 7?
6
Suppose 329 = -34*k + 41*k. What is the remainder when 135 is divided by k?
41
Let r = 332 - 323. Let p(k) = -k**3 + 5*k**2 + 2*k - 1. Let w be p(5). Suppose 0 = a - 2*b + 4*b - w, 2*b = 4. What is the remainder when r is divided by a?
4
Let s = -81 + 87. What is the remainder when (-1 - (-9)/s)*(35 + 1) is divided by 5?
3
Let u = -15 + 29. Let r = -5 - -8. Suppose -r*s = -0*s - 117. What is the remainder when s is divided by u?
11
Let q(n) = 9*n + 4*n - 48 + 43. What is the remainder when q(5) is divided by 16?
12
Let c(j) = -j + 13. What is the remainder when 173 is divided by c(-9)?
19
Let c = -11 - -11. Let v be 2 + c + 2 + 1. Let n = 7 - v. Calculate the remainder when 3 is divided by n.
1
Let s(a) be the second derivative of 4*a**4/3 - a**3/2 + 2*a**2 + 6*a. Let j = 28 + 55. Calculate the remainder when j is divided by s(1).
15
Let v = -12 + 26. Let n = -5 + v. What is the remainder when n is divided by 5?
4
Let b = 200 - 27. What is the remainder when b is divided by 30?
23
Let i be (4/5)/((-5)/(1100/(-8))). Let z(c) = 54*c**3 - c**2 + c. What is the remainder when z(1) is divided by 2/(-8)*-2 + 297/i?
12
Suppose 4*d = -17 + 65. Let c be 4 + (-4)/1 + (-6 - 3). What is the remainder when (c/(-3))/(1/15) is divided by d?
9
Calculate the remainder when 147 is divided by (-9)/((-8)/(-48)*-6).
3
Let s(h) = -2*h**2 - 25*h - 24. Let z(u) = u - 1. Let o(q) = -s(q) + 5*z(q). What is the remainder when 51 is divided by o(-15)?
13
Suppose -4*o + 12 + 36 = 0. Let u(p) = p**2 - 11*p + 10. What is the remainder when u(12) is divided by o?
10
Let n = 11 - 9. Suppose -6 = n*y + 4. Let m = y - -20. What is the remainder when m is divided by 8?
7
Let p(c) = -9 + 8 + c**3 + 12*c**2 - 15*c + 0. What is the remainder when p(-13) is divided by 14?
11
Let t(c) = c**3 + 4*c**2 - c + 4. Let s = 83 + -72. Calculate the remainder when 32/16 + s/1 is divided by t(-4).
5
Let i be (0 + 0)/(-4 - -3). Suppose -6*v = -2*n - 3*v + 79, i = -3*n - 2*v + 99. Let g(h) = -h**2 - 7*h + 3. What is the remainder when n is divided by g(-6)?
8
Let b(x) = -x**3 + 7*x**2 - x + 18. Let l be 42/5 - 1 - 22/55. Calculate the remainder when 42 is divided by b(l).
9
Suppose 2*v + 1 = 5. Suppose v*m - 3*m = -r + 6, -4*r - m = -14. Suppose 0 = -3*k - k + r, 0 = -2*y + k + 85. Calculate the remainder when y is divided by 15.
13
Suppose 0 = 3*r - r - c + 11, 3*c - 1 = -2*r. What is the remainder when 68 is divided by r/5*(-1495)/46?
16
Let r(y) = -y**3 - 7*y**2 - 18*y + 6. What is the remainder when 2903 is divided by r(-7)?
131
Let y = -234 + 242. What is the remainder when 167 is divided by y?
7
Let d(m) = 2*m**2 + 3*m + 20. Let f(u) = -1. Let g(t) = d(t) - 2*f(t). Let k be g(-10). Suppose -6*l + k = -0*l. What is the remainder when 95 is divided by l?
31
Let x = -333 - -607. What is the remainder when x is divided by 25?
24
Suppose -77*k = -0*k - 1277 - 1726. Suppose 48 = -0*r + 3*r. Calculate the remainder when k is divided by r.
7
Let m(i) = -i**3 + 16*i**2 - 3*i + 9. Calculate the remainder when m(15) is divided by 28.
21
Let a = -73 + 22. Let j = 81 + a. Calculate the remainder when j is divided by 16.
14
Let g = 14 + -8. Suppose -124*k + 472 + 5108 = 0. Calculate the remainder when k is divided by g.
3
What is the remainder when -36*((-10)/6 + 1) is divided by (-26)/2*(-2 + 1)?
11
Suppose 12*b - 3444 = -984. Let o = b + -144. Calculate the remainder when o is divided by 7.
5
Let f be (-1566)/(-8) - (-15)/(-20). Suppose 3*p - f = -b, -p + 4*b + 87 - 22 = 0. What is the remainder when p is divided by 17?
14
Suppose 16 = q + 14. Suppose 0 = 3*n + 2*n - 10, q*m - 4*n - 16 = 0. Let u(x) = 8*x - 1. Calculate the remainder when m is divided by u(1).
5
What is the remainder when 223 is divided by 8 - (-5)/(25/185)?
43
Let b = -166 - -178. Calculate the remainder when 24 is divided by b.
0
Let j be 210/66 - 4/22. Suppose j*g - 34 = -4*y, -2*g - 10 = 3*g. What is the remainder when y is divided by 3?
1
Suppose 3*a - 498 = -93. What is the remainder when a is divided by 10?
5
Let b = 324 - 265. Calculate the remainder when b is divided by 9.
5
Suppose 0 = 11*o - 16*o + 275. Let l = 108 - o. What is the remainder when l is divided by 9?
8
Suppose 95 = 5*n + 3*y, -4*n - 19 = -5*n + y. Calculate the remainder when 30 is divided by n.
11
Suppose -4*w - 4*n + 4084 = 0, 7*n = -3*w + 10*n + 3075. Calculate the remainder when w is divided by 18.
15
Let w = 356 - 215. Let q = 46 + 2. Calculate the remainder when w is divided by q.
45
Suppose 2*j = 2*v - 30, -5*v - 2*j + 111 = 2*j. Let f = -15 + v. Suppose -18 = -f*k - 5*g + 16, -5*g = 5*k - 40. What is the remainder when 16 is divided by k?
4
Let f(k) = 3*k - 73. Let c be f(6). Let m = 250 - 358. Let y = c - m. Calculate the remainder when y is divided by 14.
11
Let t(d) = -d**3 - 6*d**2 + 5*d + 3. Let i = -13 + 18. What is the remainder when t(-7) is divided by i?
2
Let y = -75 + 213. Suppose -11*p + 5*p = -y. What is the remainder when p is divided by 8?
7
Let f be (-24)/(4/1)*1. Let d = 9 + f. Suppose 5*j - 17 - d = -5*n, -j = -4*n + 6. Calculate the remainder when n is divided by 1.
0
Let k be (-2 - -1)/(10/(-30)). Let l(b) = -4 + 4 - 2 + 9*b. What is the remainder when l(k) is divided by 13?
12
Suppose -c - 48 = -7*c. What is the remainder when 637 is divided by c?
5
Suppose -31*s = -32*s + 35. Suppose 0 = -3*m + m + f + 17, -3*m + 5*f = -22. Calculate the remainder when s is divided by m.
8
Suppose y + u = 23, 11 + 41 = 2*y - u. Calculate the remainder when 40 is divided by y.
15
Let f = 399 - 574. Let q = -76 - f. Let x = -46 + q. Calculate the remainder when x is divided by 14.
11
What is the remainder when (0 + (2 - 4))*48617/(-122) is divided by 57?
56
Let w(d) = -101*d + 560. Let r = -24 - -37. Let p = 6 + r. What is the remainder when w(5) is divided by p?
17
Let x(l) = 2*l**3 + 3*l - 31. Let p = -4 - -13. Calculate the remainder when x(3) is divided by p.
5
Suppose -i + 2*i = 12. Let h = i + 6. Suppose -44 = -4*j - z, 0*j + 4*j + 3*z = 52. What is the remainder when h is divided by j?
8
Let q = 893 - 812. Calculate the remainder when 419 is divided by q.
14
Let h be (-4)/(-2) - (2 + -4). Suppose 6 - 54 = -h*p. Let w(c) = -12*c**2 + 814*c + 159. What is the remainder when w(68) is divided by p?
11
Let w = 125 + -66. Suppose 0 = -3*b + 114 - 21. Calculate the remainder when w is divided by b.
28
Let w(j) = -j**2 - 11*j - 6. Su